oes 78 divide 557?
False
Is 5267 a multiple of 11?
False
Is 6 a factor of 18120?
True
Is 114 a factor of 17888?
False
Is 11846 a multiple of 49?
False
Does 13 divide 1566?
False
Does 71 divide 63761?
False
Is 395 a multiple of 15?
False
Does 17 divide 12032?
False
Does 8 divide 48?
True
Is 39 a factor of 915?
False
Does 35 divide 35?
True
Is 61 a factor of 2754?
False
Does 20 divide 2240?
True
Is 19 a factor of 95?
True
Does 22 divide 17864?
True
Is 32 a factor of 1121?
False
Does 120 divide 3960?
True
Is 6 a factor of 648?
True
Is 11 a factor of 1210?
True
Is 5340 a multiple of 5?
True
Does 8 divide 14705?
False
Is 7 a factor of 77?
True
Does 16 divide 453?
False
Is 871 a multiple of 18?
False
Does 246 divide 62976?
True
Is 31 even?
False
Does 33 divide 722?
False
Is 36 a factor of 31356?
True
Does 13 divide 10621?
True
Does 7 divide 784?
True
Is 2 a factor of 65?
False
Is 89 a factor of 5681?
False
Is 4413 a multiple of 69?
False
Is 2195 a multiple of 6?
False
Is 38 a factor of 49552?
True
Is 80 a multiple of 8?
True
Is 3811 a multiple of 114?
False
Is 22 a factor of 3366?
True
Does 12 divide 2926?
False
Does 17 divide 2362?
False
Is 3909 a multiple of 10?
False
Does 36 divide 612?
True
Is 52 a factor of 119656?
False
Is 7 a factor of 42?
True
Does 87 divide 2784?
True
Is 11 a factor of 77?
True
Is 2465 even?
False
Is 14 a factor of 11984?
True
Is 212 a factor of 39788?
False
Is 19836 a multiple of 21?
False
Is 41 a factor of 1210?
False
Does 2 divide 7?
False
Is 9 a factor of 1296?
True
Is 7 a factor of 686?
True
Is 6 a factor of 619?
False
Does 18 divide 21528?
True
Is 57 a factor of 19836?
True
Is 382 a multiple of 4?
False
Is 20124 a multiple of 13?
True
Is 37 a factor of 108112?
False
Is 15315 a multiple of 15?
True
Is 9399 a multiple of 4?
False
Is 21 a factor of 1670?
False
Does 82 divide 2132?
True
Does 17 divide 39?
False
Is 45 a factor of 318?
False
Does 25 divide 19200?
True
Is 57 a factor of 285?
True
Is 17984 a multiple of 14?
False
Is 10 a factor of 110?
True
Does 25 divide 1315?
False
Does 35 divide 2529?
False
Does 14 divide 1005?
False
Does 28 divide 147?
False
Is 46 a factor of 38534?
False
Is 21 a factor of 757?
False
Is 341 a multiple of 36?
False
Is 120 even?
True
Does 14 divide 12485?
False
Is 257 a factor of 4883?
True
Is 7303 a multiple of 51?
False
Is 126 a multiple of 18?
True
Is 70 a factor of 107450?
True
Is 24 a factor of 70795?
False
Does 6 divide 3510?
True
Is 3598 a multiple of 44?
False
Is 623 a multiple of 15?
False
Does 91 divide 2144?
False
Does 13 divide 9620?
True
Does 51 divide 8168?
False
Does 35 divide 822?
False
Is 15 a factor of 1065?
True
Does 246 divide 14541?
False
Is 15 a factor of 1860?
True
Is 4558 a multiple of 106?
True
Does 14 divide 42?
True
Is 23 a factor of 184?
True
Is 897 a multiple of 13?
True
Is 10317 a multiple of 186?
False
Is 7133 a multiple of 8?
False
Is 146 a multiple of 3?
False
Is 15 a factor of 13155?
True
Does 37 divide 190?
False
Is 546 a multiple of 7?
True
Is 11 a factor of 15845?
False
Does 52 divide 1886?
False
Does 34 divide 5938?
False
Is 13 a factor of 30498?
True
Is 4818 a multiple of 22?
True
Does 25 divide 13450?
True
Is 114 a factor of 4418?
False
Is 233 a factor of 5592?
True
Is 30485 a multiple of 15?
False
Is 46 a factor of 3322?
False
Is 3700 a multiple of 138?
False
Is 11 a factor of 3448?
False
Is 18 a factor of 2135?
False
Is 23 a factor of 26749?
True
Does 7 divide 2129?
False
Does 5 divide 47?
False
Is 34 a factor of 272?
True
Is 46 a factor of 276?
True
Is 105 even?
False
Is 28 a factor of 33330?
False
Is 4 a factor of 973?
False
Is 2585 a multiple of 47?
True
Does 13 divide 2961?
False
Is 4 a factor of 17580?
True
Is 30 a factor of 506?
False
Does 126 divide 378?
True
Does 94 divide 22654?
True
Does 37 divide 1776?
True
Is 105 a factor of 2493?
False
Is 11952 a multiple of 18?
True
Does 13 divide 2158?
True
Is 129 a factor of 2193?
True
Is 1674 a multiple of 12?
False
Is 31 a factor of 3503?
True
Does 14 divide 4984?
True
Does 6 divide 51650?
False
Is 20 a factor of 3191?
False
Is 36 a factor of 7609?
False
Does 24 divide 672?
True
Is 22 a factor of 2090?
True
Is 2900 a multiple of 29?
True
Is 9 a factor of 15684?
False
Is 474 a multiple of 10?
False
Is 2 a factor of 364?
True
Does 9 divide 188?
False
Is 19370 a multiple of 6?
False
Does 47 divide 7738?
False
Is 335 a multiple of 32?
False
Is 15 a factor of 492?
False
Does 99 divide 4356?
True
Is 2203 a multiple of 20?
False
Is 1599 a multiple of 14?
False
Is 24374 a multiple of 144?
False
Is 24064 a multiple of 64?
True
Does 83 divide 5810?
True
Does 61 divide 1342?
True
Is 192 a factor of 11712?
True
Is 32815 a multiple of 176?
False
Is 14 a factor of 9827?
False
Does 25 divide 350?
True
Is 13 a factor of 481?
True
Is 15745 a multiple of 5?
True
Does 12 divide 98075?
False
Is 10 a factor of 1335?
False
Does 8 divide 5392?
True
Is 11 a factor of 249?
False
Is 37 a factor of 296?
True
Is 2370 a multiple of 12?
False
Is 122077 a multiple of 128?
False
Does 488 divide 60212?
False
Is 30 a factor of 40258?
False
Is 104 a multiple of 52?
True
Is 45842 a multiple of 97?
False
Is 6 a factor of 362?
False
Does 67 divide 3828?
False
Does 4 divide 1527?
False
Is 3740 a multiple of 17?
True
Is 280 a multiple of 14?
True
Is 872 a multiple of 16?
False
Is 80 a factor of 9520?
True
Is 15 a factor of 15?
True
Is 473 a multiple of 43?
True
Is 16 a factor of 3184?
True
Is 242 a multiple of 25?
False
Is 3312 a multiple of 12?
True
Does 20 divide 25716?
False
Does 21 divide 14805?
True
Does 11 divide 396?
True
Is 11 a factor of 12598?
False
Does 200 divide 88421?
False
Is 15507 a multiple of 57?
False
Is 28 a factor of 480?
False
Is 8 a factor of 164?
False
Does 84 divide 6320?
False
Is 60 a factor of 9360?
True
Is 275 a multiple of 5?
True
Does 27 divide 1782?
True
Is 6 a factor of 486?
True
Does 15 divide 1920?
True
Does 4 divide 59?
False
Is 274 a multiple of 13?
False
Does 13 divide 191?
False
Is 1961 a multiple of 5?
False
Is 779 a multiple of 19?
True
Does 33 divide 12705?
True
Does 17 divide 1241?
True
Is 3124 a multiple of 71?
True
Is 15 a factor of 720?
True
Is 26 a factor of 1040?
True
Is 27 a factor of 1593?
True
Is 59 a factor of 612?
False
Is 69 a factor of 19348?
False
Is 14 a factor of 34300?
True
Is 135 a multiple of 3?
True
Does 117 divide 14508?
True
Does 10 divide 2970?
True
Does 21 divide 1211?
False
Is 14 a factor of 24626?
True
Is 8 a factor of 114?
False
Is 30682 a multiple of 116?
False
Is 14476 a multiple of 44?
True
Is 86 a factor of 13677?
False
Is 104776 a multiple of 219?
False
Is 60 a factor of 1869?
False
Is 465 a multiple of 15?
True
Is 13475 a multiple of 5?
True
Is 3423 a multiple of 18?
False
Does 113 divide 9944?
True
Does 42 divide 36288?
True
Is 26 a factor of 1896?
False
Is 17 a factor of 187?
True
Is 22 a factor of 113696?
True
Is 307 a factor of 3274?
False
Is 1934 a multiple of 62?
False
Is 3265 a multiple of 3?
False
Is 2950 a multiple of 29?
False
Is 64 a factor of 4811?
False
Does 67 divide 127259?
False
Is 8 a factor of 4024?
True
Is 49 a factor of 8010?
False
Is 2435 a multiple of 5?
True
Is 5 a factor of 3961?
False
Is 2392 a multiple of 31?
False
Is 21 even?
False
Does 3 divide 1404?
True
Is 4 a factor of 5084?
True
Does 47 divide 21808?
True
Is 2065 a multiple of 2?
False
Does 14 divide 42?
True
Is 10 a factor of 4550?
True
Does 19 divide 44460?
True
Does 41 divide 3075?
True
Is 5527 a multiple of 28?
False
Is 10 a factor of 1080?
True
Is 2507 a multiple of 29?
False
Does 13 divide 513?
False
Does 35 divide 910?
True
Is 23933 a multiple of 91?
True
Is 8 a factor of 7427?
False
Is 13 a factor of 1456?
True
Does 43 divide 108021?
False
Is 3 a factor of 3549?
True
Does 119 divide 2618?
True
Is 9924 a multiple of 12?
True
Is 38 a factor of 1368?
True
Is 16 a factor of 1562?
False
Does 66 divide 13398?
True
Is 552 a multiple of 12?
True
Does 46 divide 6698?
False
Is 977 a multiple of 21?
False
Does 17 divide 464?
False
Does 50 divide 13950?
True
Is 551 a multiple of 19?
True
Is 48 a factor of 4848?
True
Does 24 divide 2231?
False
Is 558 a multiple of 18?
True
Is 868 a multiple of 62?
True
Is 35 a factor of 1190?
True
Is 11889 a multiple of 8?
False
Is 25 a factor of 835